 Let y be h(t). Let s(i) = -3 + 2*i**3 + 2*i + 2*i**2 + 10 - 8 + y*i**2. Give s(-2).
-5
Let f be 36/10*1*10/(-4). Let s(t) = -t**2 - 10*t - 3. Give s(f).
6
Let v(f) = 2*f**2 - f - 2. Let u be 1/(1/(-2)) - -4. Suppose -6*x + u*x = -8. Determine v(x).
4
Let n(p) be the third derivative of p**5/60 - p**4/24 + 2*p**3/3 + 837*p**2. Determine n(5).
24
Let u(l) be the second derivative of l**4/24 - 2*l**2 + 2*l. Let r(v) be the first derivative of u(v). Suppose -3*t = -8*t - 30. Give r(t).
-6
Let o(b) = -b**3 - 6*b**2 + 6*b + 1. Let g be o(-7). Suppose -4*t = -5*u - 3*t + 15, 2*t = -2*u - 6. Let s(d) = -g + 3 + u + d. Determine s(6).
3
Let a(q) = -132*q - 84. Let z(k) = 19*k + 12. Let g(v) = 2*a(v) + 15*z(v). Let f(o) = 5*o + 3. Let d(x) = -9*f(x) + 2*g(x). Calculate d(-3).
6
Let y(q) be the third derivative of -q**9/60480 - q**7/5040 + q**6/60 + 13*q**5/60 + 12*q**2. Let r(k) be the third derivative of y(k). Determine r(0).
12
Let g(h) = -8*h. Let v be g(-2). Let u be (21/(-14))/((-6)/v). Let a(z) = -z - 2 + 11 + 1 - 6. Determine a(u).
0
Let s(p) be the first derivative of -1/2*p**2 - 52 + 6*p. Give s(6).
0
Let f(o) = -o**2 + 5*o + 22. Let b(u) = u**2 + 25*u + 74. Let n be b(-22). Let y be f(n). Let j(t) = -4*t**3 - 2*t**2 - 4*t - 2. What is j(y)?
30
Let a(t) be the third derivative of t**8/6720 + t**7/630 - t**6/180 - t**5/40 + 19*t**4/24 + 19*t**2. Let s(m) be the second derivative of a(m). Give s(-4).
13
Let n(j) = -j**2 + 4*j + 4. Let i be n(4). Let x(c) = -4 + i - 1 - c. Let r = -49867 - -49869. Give x(r).
-3
Let q(t) be the third derivative of -t**4/12 + 5*t**3/3 + 118*t**2. Suppose 2*p = n - 3, -3*n + 6*n - p = 19. Calculate q(n).
-4
Suppose 0*x = 5*x - 10. Let c(k) = -k**x - k + 4*k + 0*k**2. Let a be (16/12)/(4/6). What is c(a)?
2
Let l(j) = 6 + 54*j - 58*j - 5 - 1 + 7. What is l(-5)?
27
Let m(j) = -j**2 - 2. Let p(q) = 2*q**2 - q + 7. Let s(b) = -3*m(b) - p(b). Let k(a) = a + 9. Let u be k(-8). Let f = 4 - u. What is s(f)?
11
Let s(q) be the second derivative of -q**4/12 - 11*q**3/6 + 5*q**2/2 + 48*q. Calculate s(-12).
-7
Let s be (-4)/6 - (-21)/(-9). Let z(r) = -4 - 2*r**2 - 605*r**3 + 297*r**3 + 307*r**3 + 5. Determine z(s).
10
Let v(z) be the third derivative of -z**6/60 - z**5/20 + 2*z**2. Let l be (79/(-395))/(2/20). Determine v(l).
4
Let x(w) = w**2 + 4*w + 1. Suppose r = b + 96 + 7, -r - 3*b = -99. Let y = r + -105. Give x(y).
-2
Let f(h) = 5*h**2 - 20*h + 22. Let l(z) = -2*z**2 + 9*z - 10. Let m(q) = 3*f(q) + 7*l(q). Determine m(-5).
6
Let v(f) = -2*f - 6. Let k be v(-3). Let y(b) = -b + 4. Let h be y(k). Let w(n) = n - n**2 + 8*n**3 + 3*n - h + 3 - 2*n. Give w(1).
8
Let y(f) = -7*f - 8. Let c(i) = -7*i - 6. Let z(g) = -3*c(g) + 2*y(g). Let x be 7/3 - (-2)/(-6). Give z(x).
16
Suppose -6*v - 3 = -3*x - 7*v, 3*x - 12 = 2*v. Let j(i) = -2 + i**3 + 25*i**2 - 2*i - 27*i**x - 3*i. Calculate j(4).
10
Suppose 0 = 3*h + 3 - 15, i + 3*h = 6. Let q(y) = y**2 + 3*y + 11. Calculate q(i).
29
Suppose -5*h - t = -3 - 2, 3*t = 4*h - 23. Let v(z) = -2 - z + 2 - 2*z**2 - 2*z**3 + 5*z**2. What is v(h)?
-6
Let y(c) be the first derivative of -7/2*c**2 + 12 + 1/3*c**3 - 10*c. Determine y(7).
-10
Suppose n - m + 0*m = -1, 4*n + 44 = -4*m. Let w(l) = l + 1. Let b(k) = k + 4. Let o(x) = n*w(x) + b(x). Let u = 6 + -8. Determine o(u).
8
Suppose -8 = 7*i - 11*i. Let r(w) = 3*w**2 - 4*w + 3. Calculate r(i).
7
Let c(o) = o**2 + 4*o + 4. Let y(w) be the second derivative of -w**4/2 - w**3/6 - w**2/2 - w. Let r be y(-1). Let l be -10*(-1 + (-9)/r). Give c(l).
9
Let g(k) = -2*k - 7. Let i(z) = -3*z**3 + z**2 - 15*z + 8. Let f(v) = v**3 + 5*v - 3. Let w(u) = 8*f(u) + 3*i(u). Let o be w(2). Determine g(o).
5
Let g(u) be the first derivative of u**2/2 + 4*u - 4. Let w = -485 + 480. Calculate g(w).
-1
Let j be (-46)/(-76) + 136/(-1292). Let g(s) be the first derivative of s + j*s**2 - 3. What is g(4)?
5
Let g(k) be the third derivative of k**6/720 - k**5/60 - 3*k**4/4 - 17*k**2. Let m(u) be the second derivative of g(u). What is m(7)?
5
Suppose f = -2*f + 132. Let k = f + -34. Let s(c) = c**3 - 3*c - k*c**2 + 4*c**2 + 3*c**2 - 1. What is s(-2)?
-15
Suppose 4*p - 40 = -s - 3*s, 5*s = -3*p + 38. Let r(x) be the first derivative of -x**2/2 + 2*x + 2. Calculate r(p).
-4
Let k(z) = -10*z - 13 - 12 + 0*z**2 + 18 - 2*z**2. Suppose -x - 2 = f, -f - 4 = -4*x + 18. Determine k(f).
-19
Let a(k) = -134*k + 666. Let f be a(5). Let i(x) = 2*x**2 + 6*x + 1. Give i(f).
9
Let y(a) = -5*a + 3. Suppose 5*i + 11 = -f - 2, -4*i + 5*f - 22 = 0. Let m(t) = 12*t - 7. Let q(g) = i*m(g) - 7*y(g). What is q(-1)?
1
Let b be (-6)/21*28/(-16). Let q(r) be the third derivative of 0*r + b*r**3 + 3*r**2 - 5/24*r**4 + 1/60*r**5 + 0. What is q(5)?
3
Let r(q) = q**3 + 9*q**2 - 10*q + 7. Let a = 126 + -136. Give r(a).
7
Let j(d) be the first derivative of -d**4/4 + d**3/3 + 2*d**2 - 3*d - 2. Let y be 0/(-1) - 4/(-2). Let f be (-3 - (-3 + y)) + 4. Give j(f).
1
Let t(b) be the first derivative of -5/2*b**2 - 17 + 1/3*b**3 + 4*b. Calculate t(6).
10
Let w(p) = 11*p + p**3 - 22*p - 21*p**2 - 10 + 29*p**2. Determine w(-9).
8
Let r = -104 - -101. Let y(b) = 8*b - 10. Let s(j) = 23*j - 29. Let u(w) = r*s(w) + 8*y(w). Give u(5).
-18
Let y(d) = 1 - d - d**2 + 0*d**2 - 2. Let f(i) be the second derivative of i**4/2 + 3*i**3/2 + 4*i**2 - 2*i. Let k(w) = f(w) + 5*y(w). What is k(-3)?
0
Let w(o) be the second derivative of o**5/20 + o**4/4 - o**3/6 - o**2/2 - 41*o. Calculate w(-4).
-13
Suppose -14*v + 117 = -5*v. Let c(s) = v*s**2 - s - 7*s**2 - 5*s**2. Give c(3).
6
Let x(k) = 19*k**2 + 15*k - 15. Let z(i) = 9*i**2 + 8*i - 8. Let f(w) = -4*x(w) + 7*z(w). What is f(1)?
-13
Let m(n) = -n**3 + n**2 + 3. Suppose -8*v + 3*v = -13*v. What is m(v)?
3
Let h(a) = -2*a**3 + 3*a**2 + a - 2. Let b be 9 + (79 - 2)/(-11). Give h(b).
-4
Let k(r) = 3*r**2 - 16*r + 12. Let a be k(6). Let g(y) = a*y + 3 - 63*y + 32*y. Calculate g(3).
-18
Suppose 7*v - 6 = 6*v. Let o(k) = k**3 + 3*k - 2*k**2 - 1 + 2 + 5*k**2 - v*k. Calculate o(-4).
-3
Let l(r) = r**2 + 9*r - 4. Suppose 2*s - 3 = -5*n, 4*n - 9 = -s - n. Let o be 5/(-35)*72 - s/21. Give l(o).
6
Let n(a) = -a**2 + 8*a - 6. Let y be (-7)/3*14/((-182)/39). What is n(y)?
1
Let t(q) be the second derivative of q**4/12 + 2*q**3/3 - 2*q**2 - 269*q. What is t(-3)?
-7
Let n(d) = d**2 + 13*d + 24. Let w be n(-11). Let r(v) = v**3 - v**2 - 1. Let o(m) = 3*m**3 - 2*m**2 + m - 4. Let b(k) = o(k) - 2*r(k). Give b(w).
8
Suppose 64 = -5*t - u, -3*t - 2*u = 2*u + 52. Let c = -17 - t. Let j(f) be the first derivative of f**2/2 - 6*f - 8. What is j(c)?
-11
Let z(g) = g**2 - g - 1. Let w(y) = y - 4. Let c be w(5). Suppose -f + 0*f - c = 0, 4*f - 4 = -2*h. Suppose 0 = 5*s - o - 9, 0 = -s - 0*s - h*o - 15. Give z(s).
-1
Let s(k) = -k**2 - 5*k - 1. Let n(f) = f**3 + 11*f**2 + 5*f - 11. Let b be n(-10). Suppose 0 = w + 3*h - b, 0*h - 42 = -w - 4*h. Let a = -34 + w. Give s(a).
3
Let n(h) be the first derivative of h**3/3 - 4*h**2 - 22*h - 4. Let c be n(10). Let a(y) = 5*y + 3. Give a(c).
-7
Let t(u) = -4*u + 17. Let r(x) = 7*x - 37. Let o(i) = -6*r(i) - 13*t(i). Give o(-2).
-19
Let m be 3/2*(-4)/(-3). Let j(k) = -3*k - m*k + 6 + k - k**2 + 0*k. Let f = -21 + 16. What is j(f)?
1
Let c be 3/(5/(9 + -4)). Let h(y) = 4 + 4*y**3 - 3 - y**2 + 0 - c*y**3. Let z = -14 + 13. Give h(z).
-1
Let d(h) = 1 + 4*h - 3*h**3 + 3*h + 6*h - h**2 - 10*h + 2*h**3. Give d(0).
1
Let l(m) = m**3 + 5*m**2 + 3*m + 6. Let f(o) be the first derivative of 3*o**4/4 + 5*o**3 + 5*o**2 + 18*o - 4. Let z(s) = 2*f(s) - 7*l(s). Determine z(-5).
-1
Let z(p) be the first derivative of -p**3/3 - p**2 + 3*p - 439. Give z(-2).
3
Let h(g) = -3*g + 8. Let z(b) = -b - 1. Let t(c) = -h(c) + 5*z(c). Let y be t(-9). Let v(w) = -y*w + w - 2 + 1 - 2*w. Give v(1).
-7
Suppose 0 = 2*r + 3*c + 2, 5*c + 2 + 2 = -4*r. Let q(n) = -5*n - 5*n + 9*n + 9*n**3 - 1 - n. What is q(r)?
-8
Let i(x) = -x + 12. Let s be i(7). Let d(m) = -8*m**2 + 4*m**2 + 10*m - m**2 + s + 6*m**2. Calculate d(-9).
-4
Let b(m) be the third derivative of -7*m**4/24 - m**3/6 + 7*m**2 + 2*m. Give b(1).
-8
Let f be (-2 + 8)*(-1)/(6/(-10)). Let b(t) = -2*t + 22. Calculate b(f).
2
Let k(u) = -u - 5. Let f(v) = v + 4. Let i(w) = -3*f(w) - 2*k(w). Let j be i(5). Let m(h) = 5 + 5*h + 19*h - 23*h. Calc